 + 142. Give v(-10).
3
Let j(w) = -12*w - 78. Let g(l) = -l - 6. Let o(z) = -27*g(z) + 2*j(z). Let x(b) = -6*b - 11. Let u = 20 - 13. Let a(i) = u*o(i) + 4*x(i). What is a(2)?
-8
Let j(x) = -2*x + 13. Suppose 72 = -16*s + 24*s. Determine j(s).
-5
Let u(h) = -h**3 + 5*h**2 - 3*h + 9. Let n be u(4). Let l(m) = -4 - 6*m + 5*m**2 - n + m**3 - 3 + 15. Let v be (4/(-10))/((-2)/(-30)). Determine l(v).
-5
Let o(n) = n**3 - 3*n**2 - 3*n - 3. Let f(k) = 2*k**3 - k**2 - 4*k - 4. Let g(b) = 2*f(b) - 3*o(b). Calculate g(-7).
-6
Let o(t) = -t**2. Suppose -5 + 7 = p. Let l(s) = 3*s**2 - 6*s + 7. Let v(x) = p*o(x) + l(x). What is v(6)?
7
Suppose -y = -2*y + 1. Let g(r) = 11*r**3 - 5*r**2 - 5*r - 7. Let i(t) = -23*t**3 + 11*t**2 + 11*t + 15. Let m(h) = -13*g(h) - 6*i(h). Give m(y).
-6
Let u be 741/(-114) - (-3)/(-2). Let p(z) = -2*z - 19. Give p(u).
-3
Suppose -2*l = -35 - 37. Let u = l - 40. Let i(o) = 2*o - 4. What is i(u)?
-12
Let t(v) = -v**2 - 6*v - 4. Let g be -1 - (9 - 3)/2 - 0. What is t(g)?
4
Let a(z) = z - 2. Let t be a(7). Suppose -h = 1 + t. Let o(g) = -12*g**2 + 17*g - 9. Let d(i) = 7*i**2 - 9*i + 5. Let r(j) = -7*d(j) - 4*o(j). Give r(h).
-5
Suppose -39*q - 50 = -34*q. Let k(u) = -u**3 - 10*u**2 + 2*u + 13. What is k(q)?
-7
Let y(g) = 2*g**2 - 6*g + 7. Let c be (-12)/7*196/(-84). Calculate y(c).
15
Let q(h) be the third derivative of h**6/120 - h**5/5 - 11*h**4/24 - 2*h**3 - 347*h**2 + h. Calculate q(13).
14
Suppose 0 = 5*j - 20, -6 = -5*s + 4*j - 27. Let m(w) = 6*w**3 - w. Give m(s).
-5
Let a = -37 + 41. Let c(m) = -2*m + m + a*m + 12. What is c(-8)?
-12
Let d(c) = c**3 - 3*c**2 - 2*c - 4. Let h(l) = 24*l + 3. Let z be h(0). Determine d(z).
-10
Let f(r) = -6*r - 1. Let c be f(-1). Let d(x) be the first derivative of -x**2/2 + 3*x + 63. Give d(c).
-2
Let j(g) = g**3 + 12*g**2 + 8. Let z be j(-12). Suppose -z*i - 11 = -19*i. Let l(v) = 5*v + 1. What is l(i)?
6
Let z(s) = -s**3 + 10*s**2 - 10*s + 12. Let d(a) = 3*a**2 - 58*a + 28. Let w be d(19). What is z(w)?
3
Let y(x) = x**3 + x**2 - x. Let u(j) = 3*j**3 - 2*j**2 - 7*j + 1. Let r(p) = -u(p) + 2*y(p). Give r(5).
-1
Let z(r) = -3 - 3 + 31*r - 24*r + 1. Let w(g) = -g**2 - 1. Let n(p) = -w(p) - z(p). What is n(7)?
6
Suppose -4*a = a - 285. Let h(z) = 4*z**3 + a*z - 1 - 30*z - 4*z**2 - 24*z. What is h(2)?
21
Let c(s) = s**3 - 2*s**2 - s - 4. Let z be c(3). Let p(q) = 3*q**z - 2 - 5*q + 3*q**3 - 8*q**2 + 0*q - 2*q**3. Let x be 2/(-3) - (-40)/6. Determine p(x).
4
Let j = 10 - 31. Let u = j - -27. Let i(v) be the second derivative of -v**3/6 + 4*v. Give i(u).
-6
Let d(i) be the third derivative of i**6/60 + i**5/120 + i**4/24 + 2*i**3/3 - 11*i**2. Let t(z) be the first derivative of d(z). Give t(-1).
6
Let c(u) = -2*u**2 + 5*u - 7. Let b(j) = 5*j**2 - 16*j + 21. Let r = 144 - 141. Let a(o) = r*b(o) + 8*c(o). What is a(-9)?
-2
Let m = 39 + -33. Let d be m*1/2 + -3. Let i(t) = t**3 + t**2 - t - 3. Calculate i(d).
-3
Let c = 7 - 7. Let m(i) = 18 - 17 + c*i - 2*i. Let n be 0*(-1 + 2) - -2. Give m(n).
-3
Let h(m) be the third derivative of 0*m - 1/12*m**4 - 27*m**2 + 0*m**3 + 0. Give h(4).
-8
Let s(j) = -5 + j**3 - j + 2 + 0*j**2 + j**2 + 2*j. Let n be s(0). Let t(w) = w + 1. Let a(p) = -1. Let u(x) = a(x) - t(x). What is u(n)?
1
Suppose 0*n + 8 = -s + 5*n, 0 = -4*s + 3*n + 2. Suppose -5*w - 3*k + s*k = -12, w + 12 = -5*k. Let j(q) = q**2 + 6*q - 6 - 7*q**w - 3*q - 2*q + 5. Give j(1).
-6
Suppose x + x - 4*n = 14, 0 = -2*x - 4*n - 18. Let k(b) = b + 15*b**2 + 12 - 11*b**2 + b - 11. Calculate k(x).
3
Let d(i) = -5*i - 4. Let k be d(-3). Let l(n) = 17*n - 17. Let v(r) = -10*r + 11. Let x(a) = -7*l(a) - 12*v(a). Give x(k).
-2
Let a(k) be the second derivative of k**5/20 - 7*k**4/12 + 5*k**3/6 + k**2/2 + 568*k. Calculate a(6).
-5
Let t(y) = -y**2 + 4*y - 3. Let x = -86 - -90. Suppose x = 7*n - 17. What is t(n)?
0
Suppose -3*t + 49 - 10 = -3*v, -4*t + 5*v = -55. Let c be -2 - (8/20 - (-36)/t). Let z(n) = -n**3 - 6*n**2 + n + 1. What is z(c)?
-5
Let r(f) = 2*f - 6. Let p(y) be the first derivative of 1/3*y**3 + 6*y + 9 + 3*y**2. Let j be p(-6). Determine r(j).
6
Let n(p) = -3*p + p + 149*p**3 - 148*p**3 + 13*p**2 - 8 + 2*p. Calculate n(-13).
-8
Let l(m) = 6*m**2 + 4*m + 21. Let t(h) = 9*h**2 - h + 20. Let w(g) = -17*g**2 + g - 40. Let i(k) = 7*t(k) + 4*w(k). Let n(u) = 5*i(u) + 4*l(u). Determine n(0).
-16
Let y = 12 + -12. Suppose -c - 3*f + 3 = 0, 0 = -3*f - y*f. Let g(v) = -v**2 - v**c - 2*v**2 - 4*v + 6*v - v. Determine g(-3).
-3
Let g(p) be the first derivative of -p**3/3 + 7*p**2/2 + 7*p + 71. Calculate g(7).
7
Let v = 424 + -418. Let k(s) = s**3 - 4*s**2 - 9*s + 5. What is k(v)?
23
Suppose -2*t = 5*z - 15, t - 3*t = 0. Let o(x) = x - 5 + 113*x**3 - 112*x**z - 5*x**2 + 0*x. Give o(5).
0
Let g(i) = 6*i. Let y = -126 - -161. Suppose 0 = -8*k + 5 + y. Give g(k).
30
Let i(w) = -w**3 - 6*w**2 + 7*w - 2. Let l = 136 + -143. What is i(l)?
-2
Let l(p) = 12*p**3 - 15*p**2 - p - 3. Let w(h) = 7*h**3 - 8*h**2 - h - 2. Let y(u) = -3*l(u) + 5*w(u). Suppose 3*a + 3 - 1 = 4*q, a - 4 = -q. Give y(a).
7
Let c(i) = 1 + 0 + 4 - 1 - 397*i**3 - i + 396*i**3. Suppose 0 = y + 3 - 9. Suppose y*h = h. Give c(h).
4
Let d(p) = -3*p**3 - 13*p**2 + 8*p - 18. Let b(j) = -4*j**3 - 20*j**2 + 13*j - 26. Let z(f) = 5*b(f) - 7*d(f). Calculate z(8).
4
Let k(w) = 5*w + 8. Let r(j) = -j**2 + 14*j + 45. Let l be r(17). What is k(l)?
-22
Let w(n) = -2*n**2 - 12*n - 2. Let a be w(-6). Let q = -2 - a. Let g(j) = j**2 + 9. Give g(q).
9
Suppose 0 = -2*r + 5*x - 22, -5*x = r + r + 2. Suppose 0 = 4*i - 9 - 11. Let g be (r + i)/((-1)/(-4)). Let c(z) = z**2 + 4*z - 5. What is c(g)?
-5
Let n(l) = 4*l + 1. Let r(c) = c**2 - 27*c + 115. Let u be r(5). Calculate n(u).
21
Let j = 36 + -34. Let z(f) = 2 - 2 - 3 - 2*f**j + f**2 + 3*f. Let k be 1 + 6/2 + 1. Calculate z(k).
-13
Let m(g) = -35*g**2 + 82*g**2 - 3*g - 5 - 46*g**2. What is m(5)?
5
Let h(x) = x**2 - 4*x + 4. Suppose 0 = 21*r - 13*r - 24. Let w(c) = 4*c - 5. Let q(s) = r*h(s) + 2*w(s). Give q(2).
6
Let s(r) = -6*r**2 + 0*r**3 + 2 + 9 + 5*r - r + r**3 - 2*r. Give s(5).
-4
Let u be 1/(0 - (-1)/3). Let w(c) = -3*c - 4*c - 1 - 2 + 6*c. Let o(v) = -2*v - 4. Let x(t) = u*w(t) - 2*o(t). Determine x(-6).
-7
Suppose 59 - 79 = 5*d. Let h(g) = 6*g + 5. Let o(c) = -c - 1. Let f(r) = h(r) + 5*o(r). Give f(d).
-4
Let i(z) = 8*z**2 + 6*z + 4. Let o(h) = 11*h**2 + 6*h + 4. Let g(p) = -4*i(p) + 3*o(p). Calculate g(5).
-9
Let a(x) = -x**3 + 7*x**2 - 2*x - 5. Let r(y) = 45*y**2 - 8*y - 7. Let q be r(-1). Suppose -3*p - 12 = -4*d, -q = -5*d - 6*p + 2*p. Calculate a(d).
19
Let q(h) = 20*h - 3 + 16*h - 32*h + 2. Suppose c = -0*c + 2. Suppose 3 = -u - c*u. What is q(u)?
-5
Let p be -1 + (7 + 3 - 8). Let g(v) = -6*v**2. Calculate g(p).
-6
Let x = -7 + 11. Suppose -4*q + 0*q = x*a, -2*a = 5*q - 6. Let h be (4 - 0) + (-4)/q. Let i(u) = 4*u + 1. Calculate i(h).
9
Let i(h) = -3*h**2 - 2*h + 17. Let u(y) = -16*y**2 - 9*y + 84. Let r(s) = -11*i(s) + 2*u(s). Let t(g) be the first derivative of r(g). What is t(5)?
14
Let w(x) be the first derivative of x**3/3 - 21*x**2/2 + 69*x - 92. Calculate w(17).
1
Suppose 4 = -5*n + 9. Let c = 3 - n. Let v(z) = -z**2 - 3*z - 4. Let p(i) = -2*i**2 - 8*i - 9. Let a(r) = 2*p(r) - 5*v(r). Determine a(c).
4
Let q(m) = -m + 2. Suppose 2*w - w = -2*o - 2, -3*o = w + 3. Let f be (-2)/3 + 64/6 + w. What is q(f)?
-8
Let s(y) = -96 + y**2 + 192 - 5*y + 2*y - 99. Determine s(3).
-3
Let s be ((-102)/68)/((-6)/16). Let w(o) = o - 8. Calculate w(s).
-4
Let g be 3/(-6) + (275/(-10))/(-5). Suppose 0 = -3*m + 3*o - 15, g*m - 2*o + 27 = -1. Let t(d) = d**3 + 7*d**2 + 7*d - 1. What is t(m)?
-7
Let j(d) = 2*d**2 + d + 5. Let o = 160 + -156. Calculate j(o).
41
Let v(s) = s - 3*s - 1 + 6. Suppose 6*b = -3*b - 324. Let a be ((-6)/12)/(3/b). Calculate v(a).
-7
Let s(r) = -r**3 + 3*r**2 + r + 1. Suppose 2*x = -5*o + 3*x + 42, 26 = 3*o - x. Suppose o = -8*y + 4*y. Give s(y).
19
Let h be (-8)/(-6)*(-9)/(-6). Suppose h*t + t = 0. Let z(m) be the first derivative of m**4/4 - m**3/3 + m**2/2 + 4*m + 29. What is z(t)?
4
Let p(r) = -4*r**3 + 7*r - 7*r**2 + 0*r**2 + r**2 + 3*r**3 + 6. Let z be 1*(-2 - (2 + 3)). Let b be p(z). Let s(f) = -f - 3. Determine s(b).
-9
Let b(f) be the second derivative of -f**4/6 - 3*f**3/2 - f**2/2